
101021
What is -2a18 (base 11) in base 3?
-12100010
Convert -19e (base 15) to base 16.
-176
Convert -257 (base 13) to base 11.
-343
Convert ad34 (base 15) to base 5.
2133344
-2b261 (base 12) to base 5
-3421331
-11378 (base 12) to base 2
-101100111001100
Convert 11bda (base 15) to base 11.
39648
Convert 35a2 (base 14) to base 11.
7034
What is 699 (base 14) in base 9?
1716
Convert -384 (base 13) to base 14.
-31d
-384 (base 9) to base 6
-1251
Convert 10156 (base 10) to base 14.
39b6
What is 442 (base 15) in base 6?
4242
Convert -71808 (base 9) to base 2.
-1011100011010000
What is -12675 (base 10) in base 4?
-3012003
2102 (base 8) to base 5
13330
-1301211 (base 5) to base 13
-b600
Convert -221300 (base 4) to base 15.
-bd2
Convert -1010010110011 (base 2) to base 9.
-7237
20003 (base 4) to base 12
36b
Convert -412 (base 9) to base 11.
-285
Convert 202033 (base 4) to base 10.
2191
Convert -4104 (base 5) to base 10.
-529
What is -187b (base 16) in base 6?
-45003
What is 1006 (base 11) in base 7?
3620
Convert -1101110010011 (base 2) to base 4.
-1232103
What is 20021022 (base 3) in base 11?
3486
Convert -15202 (base 6) to base 14.
-c70
-22123311 (base 4) to base 5
-2331431
Convert 20461 (base 7) to base 12.
2b01
Convert 2322203 (base 4) to base 2.
10111010100011
Convert -1f4 (base 16) to base 15.
-235
Convert -147 (base 14) to base 9.
-317
Convert -221a7 (base 11) to base 6.
-404554
-4a9d (base 16) to base 3
-222012110
Convert d04 (base 16) to base 13.
1694
What is -14a44 (base 12) in base 14?
-a896
What is -4045 (base 10) in base 12?
-2411
What is -120221210 (base 3) in base 7?
-45624
4256 (base 9) to base 6
22253
a15 (base 11) to base 13
734
What is 10011000001100 (base 2) in base 9?
14322
What is 110 (base 5) in base 4?
132
5683 (base 11) to base 6
54332
What is -306 (base 12) in base 10?
-438
Convert -ea (base 15) to base 9.
-264
10011010011000 (base 2) to base 6
113424
What is 3316 (base 7) in base 15?
544
1948 (base 13) to base 11
2925
Convert -1000000 (base 5) to base 8.
-36411
14304 (base 6) to base 12
1394
What is 1951 (base 11) in base 2?
100110101100
-15491 (base 13) to base 3
-2001100002
4250 (base 6) to base 14
4d0
Convert 211120 (base 3) to base 9.
746
8703 (base 13) to base 2
100100101001010
Convert -462 (base 11) to base 14.
-2b6
What is -797 (base 15) in base 4?
-122311
-32112 (base 4) to base 15
-413
What is 1031 (base 12) in base 16?
6e5
What is -3087 (base 13) in base 8?
-15056
Convert 120 (base 11) to base 9.
168
What is -2130 (base 5) in base 14?
-16a
What is 20201 (base 3) in base 14?
cd
Convert 714 (base 10) to base 3.
222110
Convert -110101000000100 (base 2) to base 16.
-6a04
What is 815a (base 11) in base 13?
4c15
What is 143 (base 16) in base 15?
168
Convert 1001111 (base 2) to base 5.
304
What is a957 (base 12) in base 5?
1044033
Convert -1403 (base 10) to base 6.
-10255
Convert 6e4 (base 15) to base 16.
61c
Convert -131 (base 11) to base 9.
-182
Convert -35300 (base 11) to base 15.
-10161
Convert -2153 (base 13) to base 9.
-6315
-210120 (base 3) to base 5
-4312
1000010 (base 2) to base 15
46
Convert -2068 (base 16) to base 13.
-3a12
Convert 131123 (base 7) to base 11.
1738a
What is -702 (base 8) in base 5?
-3300
What is 448b (base 15) in base 2?
11100011000011
-27 (base 14) to base 11
-32
Convert -434 (base 8) to base 6.
-1152
Convert 200 (base 14) to base 10.
392
Convert -1de9 (base 15) to base 16.
-1977
What is -11202222 (base 3) in base 11?
-2686
Convert 1169 (base 15) to base 2.
111001110011
Convert -4240 (base 5) to base 8.
-1072
What is -654 (base 15) in base 4?
-112111
161 (base 10) to base 13
c5
What is 20646 (base 9) in base 15?
40a0
74 (base 12) to base 10
88
What is 1b (base 13) in base 11?
22
What is -31110 (base 12) in base 16?
-fa5c
-4b16 (base 12) to base 13
-3b4c
Convert -20a (base 15) to base 11.
-389
1011212001 (base 3) to base 4
11222311
Convert -1322030 (base 4) to base 2.
-1111010001100
What is 15481 (base 9) in base 3?
112112201
What is -35544 (base 7) in base 4?
-2033223
Convert -5146 (base 13) to base 3.
-120101021
Convert -1112022 (base 3) to base 4.
-101123
Convert -2071 (base 9) to base 13.
-901
-4710 (base 10) to base 7
-16506
What is 13240 (base 5) in base 14?
566
6a67 (base 15) to base 5
1210342
133323 (base 5) to base 12
31b3
What is 438 (base 9) in base 15?
18e
-22032322 (base 4) to base 10
-41914
Convert 13002320 (base 4) to base 8.
70270
What is -43370 (base 9) in base 8?
-70101
What is -231325 (base 7) in base 5?
-2310301
667 (base 8) to base 9
537
What is 154250 (base 6) in base 13?
6c0c
-51071 (base 9) to base 3
-1201002101
What is 4285 (base 10) in base 8?
10275
2110200 (base 3) to base 5
24200
Convert -110230 (base 4) to base 3.
-1211001
What is 31334 (base 11) in base 4?
23021112
Convert 7633 (base 13) to base 12.
9617
407 (base 10) to base 14
211
Convert -a728 (base 13) to base 5.
-1220222
What is -3be (base 15) in base 4?
-31112
What is 2250 (base 16) in base 15?
2909
Convert -888 (base 15) to base 5.
-30203
What is 1741 (base 8) in base 3?
1100210
Convert -1bb (base 12) to base 14.
-167
10820 (base 12) to base 9
33046
Convert 5072 (base 9) to base 10.
3710
What is -408 (base 10) in base 13?
-255
What is 2414 (base 8) in base 7?
3524
Convert -36874 (base 11) to base 7.
-310253
What is -256 (base 12) in base 4?
-11202
What is 120110021 (base 3) in base 12?
662a
Convert -4814 (base 16) to base 3.
-221022102
Convert -318d (base 16) to base 4.
-3012031
Convert -1a2b (base 16) to base 8.
-15053
-60625 (base 9) to base 11
-27a60
4703 (base 13) to base 12
5932
What is -32003 (base 4) in base 11?
-748
-f99 (base 16) to base 2
-111110011001
-1506 (base 9) to base 4
-101310
Convert -1324 (base 7) to base 15.
-23d
2dd (base 15) to base 12
46a
Convert 522 (base 12) to base 15.
34b
Convert -441400 (base 6) to base 12.
-19260
Convert -16380 (base 12) to base 9.
-47346
1235 (base 7) to base 14
255
2055 (base 10) to base 15
920
-171 (base 16) to base 12
-269
Convert 8b2a (base 15) to base 9.
44434
-10510 (base 7) to base 11
-1aa2
Convert -5b77 (base 12) to base 5.
-312230
1110020 (base 3) to base 5
13214
What is 8e (base 16) in base 8?
216
What is 34530 (base 6) in base 10?
4950
Convert -de4 (base 15) to base 6.
-22311
Convert 20121001 (base 3) to base 14.
1a75
What is -220642 (base 7) in base 2?
-1001011101010100
Convert 6858 (base 9) to base 12.
2b2b
20501 (base 6) to base 4
223111
What is 6543 (base 14) in base 3?
220000021
23155 (base 6) to base 13
1679
Convert 15033 (base 7) to base 5.
113030
Convert -14d (base 15) to base 8.
-452
Convert 25521 (base 6) to base 11.
29a4
What is -18c (base 13) in base 8?
-435
What is 3311 (base 11) in base 14?
1840
Convert 11330 (base 4) to base 2.
101111100
What is 154154 (base 6) in base 14?
5770
-122111212 (base 3) to base 11
-9657
What is 210122020 (base 3) in base 13?
7245
-130101 (base 5) to base 9
-6804
Convert -113022 (base 5) to base 15.
-135c
Convert 101222221 (base 3) to base 2.
1111101010001
-2698 (base 14) to base 3
-100022210
3324 (base 7) to base 10
1194
What is 122032 (base 4) in base 14?
87c
Convert 8b7 (base 16) to base 10.
2231
11122 (base 4) to base 16
15a
What is 8121 (base 15) in base 2?
110101001111000
What is -1134 (base 10) in base 14?
-5b0
Convert -20322 (base 6) to base 7.
-10625
Convert -33330 (base 7) to base 6.
-102520
Convert -1c0 (base 14) to base 11.
-301
1044 (base 10) to base 15
499
335 (base 8) to base 11
191
Convert 124 (base 10) to base 4.
1330
Convert 111103 (base 5) to base 3.
12100120
What is 21211201 (base 3) in base 6?
42244
Convert -124121 (base 6) to base 7.
-44614
What is -7360 (base 9) in base 15?
-1900
-210202 (base 3) to base 7
-1466
-7b5 (base 16) to base 15
-8b8
b2 (base 12) to base 5
1014
Convert 6e3 (base 15) to base 11.
11a1
2491 (base 16) to base 12
5501
Convert -221011221 (base 3) to base 5.
-1041413
Convert 329 (base 10) to base 6.
1305
5515 (base 10) to base 2
1010110001011
-12992 (base 12) to base 15
-78b8
Convert -77 (base 13) to base 2.
-1100010
Convert 3b1 (base 12) to base 5.
4230
Convert -131414 (base 6) to base 13.
-5629
2635 (base 12) to base 2
1000100001001
What is -24770 (base 10) in base 11?
-17679
Convert -351 (base 14) to base 9.
-812
What is 22232 (base 8) in base 4?
2102122
What is 13